ose -o = 3 - w. What is the hundreds digit of o?
1
Let b = 124 - 115. Suppose -b*v + 2255 = 2*v. What is the units digit of v?
5
Let a(g) = g**2 - 10*g - 10. Let d be a(10). Let o = -10 - d. Suppose o = -2*q + 7 + 23. What is the units digit of q?
5
Let r(g) = -2*g + 34. Let v be r(15). Suppose v*t = 9*t - 105. What is the tens digit of t?
2
Suppose 0*t = -4*t + 12. Suppose 0 = u + 3*w - 31, -t*u = -0*u - 3*w - 57. What is the tens digit of u?
2
Suppose 4*j - 3 + 23 = 0. Let d(u) = u**2 + u - 4. What is the tens digit of d(j)?
1
Let y(m) = m**3 + 29*m**2 - 13*m + 76. What is the tens digit of y(-29)?
5
Let y(x) = 2*x**2 + 4*x + 5. Let k(v) = -4*v + 3. Let p be k(2). What is the tens digit of y(p)?
3
Let w = -48 - -36. Let n(h) = -h**3 - 13*h**2 - 25*h - 10. What is the hundreds digit of n(w)?
1
Suppose -12*l = -16*l - 1224. What is the units digit of (1/2)/(3*(-3)/l)?
7
Let r(l) = -3*l - 3. Let v be r(-2). What is the tens digit of 1 + v - (-51 - -1)?
5
Let l(w) = w**2 + 6*w + 2. Let k = 27 + -33. Let o be l(k). Suppose o = c - 39. What is the units digit of c?
1
What is the tens digit of ((-1428)/(-136))/(1/146)?
3
Suppose -7*g = -3*g - 16. Suppose -k + 41 = -5*q, -k = g*q - 72 + 22. What is the units digit of k?
6
What is the units digit of -1159*-3*(-7)/(-21)?
9
Suppose -13*i + 9*i + 8 = 0. Suppose 0 = 5*l - g - 1496, -4*l + i*g + 0*g + 1198 = 0. What is the hundreds digit of l?
2
Suppose 4 = -j - 3*j. Let h be (-21)/(-4) - j/(-4). Suppose 2*k - 16 = 2*s + 4, 0 = h*k + 4*s - 32. What is the units digit of k?
8
Suppose -2*r = r - 15. Let h = 10 - r. Suppose 4*s + 4*x - 32 = 0, 4*s - 30 = s - h*x. What is the units digit of s?
5
Suppose q - 5 = -0*q. Suppose 3*w = -q*m + 2*m + 324, -5*m = 3*w - 542. What is the hundreds digit of m?
1
Suppose 7*f = -19 - 16. What is the units digit of (-12)/f + 4/(-10) - -14?
6
Let y = 26 + -17. Let o = y + -8. What is the units digit of o/(2/(-6)) + 14?
1
Let i(s) = -8*s**3 - 2*s**2 - 2*s - 3. Let q be i(-2). Suppose -d - 3*z + 2*z = -6, 2*d = 3*z - 8. Suppose 29 - q = -d*f. What is the tens digit of f?
1
Let c(s) = s**2 - 4*s - 5. Let p be c(5). Suppose -2*a = h - 16, p = -3*a + 5*h + 12 - 1. What is the units digit of a?
7
Let g be 4/7 - (-12)/28. Let p be (-6)/(-3) - g/(-1). Suppose 3 = r + p*b, -8 = -5*r + b + 7. What is the units digit of r?
3
Let d(b) = 2*b**2 + 2*b - 1. Let l be d(-2). Suppose p = l*y - 12 - 22, -3*p = 4*y - 67. What is the units digit of y?
3
Let p = 3806 - -301. What is the units digit of p?
7
Let v = 182 - 32. What is the units digit of v/3 - 2*-2?
4
Suppose -4*u + 1904 = -2*r, -3*u - 3*r + 678 + 768 = 0. What is the tens digit of u?
7
Let p(b) = 3*b - 38. Let w be p(16). Suppose -4*d - 93 = -3*i, -i = -d - w - 21. What is the tens digit of i?
3
Let h = -26 + 119. Suppose 23 = f - 2*i, i - h = -5*f + 44. What is the tens digit of f?
2
Let j = -35 + 39. What is the units digit of 4 + ((-81)/j)/((-3)/16)?
2
Suppose -2*o + 0*o + 836 = 0. Suppose -g = 2*g + 2*i - o, 2*g = -i + 280. What is the hundreds digit of g?
1
Suppose 2*r - 10 = -5*p, 6 = 5*r + 5*p - 19. What is the units digit of r?
5
Let m(g) be the first derivative of 13*g**3/3 - 2*g**2 + 4*g + 8. What is the units digit of m(2)?
8
Suppose -4*u + 7*u - 9 = 0. Let w(i) = 0*i + 3 + i - 3*i - u*i. What is the tens digit of w(-3)?
1
Let i(d) = d. Let m be i(-5). Let b = 15 + m. Let l = b + -4. What is the units digit of l?
6
Let d(h) = h**3 - 14*h**2 + 12*h + 13. Let m be d(13). Suppose m = 7*y - 11*y. Let o = 10 - y. What is the units digit of o?
0
Let w = -129 + -53. Let y be (w - -1)/(0 - 1). Let p = -128 + y. What is the tens digit of p?
5
Suppose 2*t - 1627 = 333. What is the units digit of t?
0
Let t = -221 - -633. What is the tens digit of t?
1
Suppose h = -3*h + 76. Let u(f) = -6*f - 14. Let d be u(-6). Suppose 4*c - 40 = -b, -b - 3*c + h = -d. What is the units digit of b?
4
Suppose -58*r = -60*r - 6. What is the units digit of 1/r*(-2358)/6?
1
Suppose -3*d - 2*a + 321 = -5*a, 4*d = 2*a + 434. Let w = d - -25. What is the hundreds digit of w?
1
Let a = 103 - -1062. Suppose -6*f = -f - a. What is the tens digit of f?
3
Let v be 4/6 - (-3592)/(-6). Let a = v + 1033. What is the tens digit of a/30*1*2?
2
Suppose 0 = 2*u - 5*y - 944, -15*u + 13*u + 964 = 5*y. What is the tens digit of u?
7
What is the tens digit of (114 + -111)/((-3)/(-1604))?
0
Suppose 27*u = 17*u + 7270. What is the units digit of u?
7
Suppose 0 = 3*u - 327 - 363. What is the tens digit of 2 - -1 - u/(-5)?
4
Suppose 48 = 4*r - 7*r - 4*h, 5*r + 3*h = -69. Let s be r/10*25/10. What is the units digit of (-1 - -2) + -2 - s?
2
What is the tens digit of -7 + (-6 - (-81 - 0))?
6
Suppose 4*d - 2158 = 2*j, -4*d = j - 0*j - 2161. What is the tens digit of d?
4
Suppose x + 547 = 3*x - 3*d, x - 274 = d. Suppose -5*y + 910 = x. What is the units digit of y?
7
Let o = 828 - -1055. What is the thousands digit of o?
1
What is the tens digit of (-174976)/(-80) + 1/(-5)?
8
Suppose 4*c - 80 = -0*c. Let k = c + -25. What is the units digit of (-9)/k*(-12 - -17)?
9
Suppose 5*s + 2 = 3*v - 20, -5*s = -5*v + 30. Suppose -v*z - 121 - 31 = 0. What is the units digit of z/(-6)*3 + 2?
1
Suppose -6*a + 867 = 9. What is the hundreds digit of a?
1
Let v = -1825 + 5909. What is the units digit of v?
4
Suppose -23*m - 704 = -25*m. What is the tens digit of m?
5
Let j = 2335 + -992. What is the units digit of j?
3
Let c be (-5 - (-610)/(-4))/((-3)/4). Suppose 0 = -2*n + 4*d - 3*d + 155, c = 3*n + 3*d. What is the tens digit of n?
7
Let v be -198*(-5)/((-45)/(-24)). Let f be v/6 - (-6)/(-2). Suppose -3*o = r - 69, 0*r = -4*o + r + f. What is the units digit of o?
2
Let s = 6 - 9. Let q(a) = 6 + 4*a**2 + 6*a**2 - 12*a**2 - a**3 - 2*a. What is the tens digit of q(s)?
2
Suppose 46 = -0*o + 2*o. Suppose 0 = p - 19 + o. What is the units digit of 282/p*4/(-6)?
7
What is the units digit of (-15)/3 - (-6414)/6?
4
Suppose -22*j = -12*j. Suppose -10*z + 1205 + 435 = j. What is the tens digit of z?
6
Let j(l) = -l**3 + l**2 + 16*l + 1643. What is the units digit of j(0)?
3
Let z be 1 + -2 + (11 - -1). Suppose 4*p = -6*r + 8*r + 14, 2*r = p - 5. What is the units digit of 82/p + z/(-33)?
7
Let k(a) be the third derivative of -a**6/360 - 7*a**5/60 + 5*a**4/24 - 3*a**2. Let c(t) be the second derivative of k(t). What is the units digit of c(-12)?
0
Suppose -133*f + 128*f + 12505 = 0. What is the tens digit of f?
0
Let d(k) = 8*k - 2. Suppose -2*t + z = -9, -t - 2*z - 2 = -19. What is the tens digit of d(t)?
5
Let n(j) = -14 + 6*j + j + j**2 - 6. Let p be n(-9). What is the units digit of (-35)/p + (-9)/18?
7
Let y(w) = -w**2 - 11*w. Let s be 2 + 2/(6/9). Let k(t) = -t - 4. Let x be k(s). What is the tens digit of y(x)?
1
Let t(b) = 53*b - 23 + 24*b + 19 - 15*b. What is the tens digit of t(4)?
4
Suppose -5*p = -m + 28, -p - 4*m - 3 = 11. What is the tens digit of (622/13 - p/39) + -2?
4
Let h(a) = -a**3 + 19*a**2 - 17*a - 14. Let x be h(18). Let b(i) = -i**3 + i - 2 + 6*i**2 + 2*i + 1. What is the tens digit of b(x)?
4
Let x(t) = 19*t**2 - 36*t - 158. What is the tens digit of x(-4)?
9
Let f = -23 - -26. Let z be 2 - (2/(-2) + f). Suppose 3*n - 6 = 0, 3*q = -z*q + 5*n - 1. What is the units digit of q?
3
Suppose 2*g - 13334 = -3*a - 2*g, 4*a - 17816 = 4*g. What is the units digit of a?
0
Let t be (-2110)/(-14) - 26/(-91). Let s = t - 106. What is the units digit of s?
5
Let k(p) = 2*p - 7. Suppose 2*j - 12 = -2*j. Let d = j + 4. What is the units digit of k(d)?
7
Suppose 4*f = 2*n + 4, -3*n + 1 = -5. Suppose -2*i = -4*z + 64, 3*z = f*i + 21 + 27. What is the tens digit of ((-126)/4)/((-12)/z)?
4
Let x(z) = -6*z - 3. Let w be x(5). Let i(j) = j**3 + 50. Let p be i(0). Let s = p + w. What is the units digit of s?
7
Suppose 5*f = 2*v - 1085, 3*v - 5*f - 2735 = -2*v. What is the tens digit of v?
5
Let m(x) = x. Let l(j) = 4*j + 2. Let n(w) = l(w) - 5*m(w). Let u be n(-2). Suppose -2*d = -3*i + 67, 2*d = i + 5*d - u. What is the tens digit of i?
1
Let m be (4/(-20))/(6/(-60)). Suppose -2*z + m = 0, -q - 629 = -5*q - 5*z. What is the units digit of q?
6
What is the units digit of (65/10 + -6)*1126?
3
Suppose 1890 = 9*a - 15237. What is the tens digit of a?
0
Let o = -21 + 26. Suppose -3*v + 101 = o*q - 51